x - 535470 = -40*x. What is the ten thousands digit of x?
3
Let z = -197 - -199. Suppose -84 = -5*f - z*t + 21, -5 = -t. What is the units digit of f?
9
Let p(b) = 25*b + 25. Let o be p(-1). Suppose 3*u - 21*u + 7200 = o. What is the tens digit of u?
0
Suppose 15*q - 142873 + 69999 = 402551. What is the thousands digit of q?
1
Suppose 2*a = l + 108, -4*l = -4*a + 3*a + 47. Suppose 26 = a*x - 53*x. What is the tens digit of x?
1
Let m = -46 - -61. Suppose 0*r + 7*r - 7 = 0. Suppose -m + r = -i. What is the units digit of i?
4
Let s(k) = 234*k**3 + k**2 + 61*k - 272. What is the hundreds digit of s(5)?
3
Let y(m) = 18*m**3 + 8*m**2 - 26*m - 14. What is the thousands digit of y(7)?
6
Suppose -3*l = t + 18, -l - 4*t - 9 = -3. Let u be 109 - 10/l*3. Suppose 5*k - u = 2*k. What is the units digit of k?
8
Suppose 0 = u - 2*o - 5559 - 4399, 3*u = o + 29874. What is the thousands digit of u?
9
Suppose -65359 + 212377 = 81*j + 26*j. What is the thousands digit of j?
1
Suppose 3*x = -k + 113928, 466*x - 5*k = 468*x - 75939. What is the hundreds digit of x?
9
Suppose 0 = 4*o + 2*i - 8562, 7*o - 2143 = 6*o - i. Let p = -1375 + o. What is the units digit of p?
3
Let a(t) = -t**3 - 17*t**2 - 18*t - 12. Let f be a(-16). Suppose -p + 5 - f = o, 3*p + 75 = -5*o. What is the tens digit of (-1011)/o - 6/15?
6
Let w = 50384 + -28419. What is the units digit of w?
5
Suppose 26617*k - 26609*k = 456128. What is the hundreds digit of k?
0
Let b be (2438/(-92))/((-1)/10). Suppose 257*z + 1872 = b*z. What is the hundreds digit of z?
2
Let z = -36754 - -74404. What is the thousands digit of z?
7
Let t(l) = 3*l - 5. Let v = -58 + 64. Let m be t(v). Suppose 60*o = 59*o + m. What is the tens digit of o?
1
Let n = -159 + 163. Suppose -n*m - m - t = -1220, 0 = 3*t. What is the hundreds digit of m?
2
What is the thousands digit of ((-5)/((-120)/552))/(3/2049)?
5
Suppose -191252 = 20*c - 438218 - 482894. What is the units digit of c?
3
What is the tens digit of -2*((40/(-24))/5)/(2/15591)?
9
Let a = -235 - -239. Suppose a*v - 3310 = -6*v. What is the units digit of v?
1
Let n(p) = -103*p + 20. Suppose -8*h = -3*h + 35. What is the hundreds digit of n(h)?
7
Suppose -2*k = -33*k + 461574 + 303289. What is the ten thousands digit of k?
2
Let a(l) = -l**2 + 7*l - 10. Let d be a(3). Let q(x) = 18 + d*x - 17 + 87*x**2 - 4*x + 0*x. What is the tens digit of q(1)?
8
Let q = 6 + -3. Suppose 45 = -t + 4*m, 2*m + 184 - q = -5*t. What is the tens digit of 0 - 4 - 3*t?
0
What is the ten thousands digit of ((-41430)/20 - 8)/(2/4)*-4?
1
Let m = 274 - 138. Let d = m - 133. What is the units digit of d?
3
Suppose 5*a + 8 = 58. Let g be (-2)/a - -11*5/25. Suppose 2*b - 503 = -5*m, 0 = -m + 2*b + g*b + 83. What is the tens digit of m?
9
Suppose 2*a - 7 = 1. Suppose 45 = 13*r - 4*r. Suppose -2*s + r*v = -79, 4*s = s + a*v + 108. What is the tens digit of s?
3
Let u be 2/(-4)*(1330 - 4). Let c = -220 - u. What is the tens digit of c?
4
Suppose -20*p = 971 + 4169. Let h = p - -459. What is the units digit of h?
2
Let h = -192 - -190. What is the tens digit of -4 - 210*(6*h)/4?
2
Suppose 78*p - 208*p - 228*p + 10568876 = 0. What is the hundreds digit of p?
5
Let i = 43 + -35. Suppose i*o = 176 + 1056. What is the tens digit of o?
5
Suppose 1550 = 24*y - 3581 - 1445. What is the units digit of y?
4
Suppose 0 = 2*s - 3*q - 411, 2*s - 305 - 86 = -q. Suppose s = 2*b - 334. What is the tens digit of b?
6
Suppose -2*b - 3*u = -5, 0 = 4*b - u - 28 - 3. Suppose b*f - 520 = 5*f. Suppose 0 = -4*i + 9*i - f. What is the tens digit of i?
5
Let p be -55 + (4 - (-4 + 7)). Let x = p - -56. Suppose -695 = -x*s - 3*s. What is the tens digit of s?
3
Suppose 3495*r - 1061896 = 3451*r. What is the units digit of r?
4
Let q(m) = -3*m - 17. Let s be q(-5). Let a be 2*(33/12 - s/8). Suppose 4*v + 5*z = 90, -v + a*v - 5*z = 135. What is the units digit of v?
5
Let l = -189 + 189. What is the units digit of 1/(-4) + l - (-1909)/4?
7
Let f(y) = -1069*y - 907. What is the units digit of f(-10)?
3
Let s(o) = 1920*o + 2487. What is the units digit of s(17)?
7
Let v(w) = -7 + 76*w + 336*w + 4. What is the tens digit of v(1)?
0
Suppose 244 = -5*q - 236. Let x = -14 - q. Suppose 3*y - 127 = -r, -2*r - x = -2*y - 0*r. What is the tens digit of y?
4
Let l be 16/(8/(-6)*8/(-16)). What is the hundreds digit of ((-444)/l)/((-1)/6)?
1
Suppose -h + 3*h = 5*v + 341, -4*v = -12. Let o(g) = -31*g + 5. Let s be o(4). Let k = h + s. What is the units digit of k?
9
Let l = 17337 + -4568. What is the ten thousands digit of l?
1
Let v(w) = -w**3 - 9*w**2 + 16*w + 24. Let c be v(-11). Suppose -6*p = -3*p - c. What is the hundreds digit of (-4*(-206)/(-12))/(p/(-45))?
1
What is the hundreds digit of (22538/5)/(3 + -13*6/30)?
2
Let r = -35517 + 55950. What is the units digit of r?
3
Suppose j - 10808 = w, 2*w = j - 3458 - 7346. What is the thousands digit of j?
0
Let j(b) be the second derivative of 113*b**4/12 + b**3/6 - b**2/2 + 13*b + 6. Suppose -s - 4*s = 5. What is the hundreds digit of j(s)?
1
Suppose 0 = 3*w + 3*k, w - 5*w - 3*k = 0. Suppose w = -3*z - 52 + 490. What is the hundreds digit of z?
1
Suppose -13394 - 188 - 22378 = -29*y. What is the tens digit of y?
4
Suppose 35717 = -4378*p + 4389*p. What is the units digit of p?
7
Let z(h) = 5*h**2 - 13*h + 73. Let w(s) = 44*s**2 - 116*s + 654. Let i(f) = 6*w(f) - 52*z(f). What is the units digit of i(13)?
4
Let l be 3/(-6) - (425/(-10) - -6). Suppose 14*k = 6 + l. What is the units digit of k?
3
Let x(c) = -c - 20. Let k be x(-15). Let m(s) = -s**2 + 1. Let l(d) = d**3 + 4*d**2 - 5. Let i(r) = k*m(r) + l(r). What is the tens digit of i(-7)?
8
Suppose 4*c + 392 = -2*w, 9*c - 10*c - 777 = 4*w. Let n = 123 - w. What is the tens digit of n?
1
Let v(p) = 14*p**2 + 49*p + 347. What is the units digit of v(-12)?
5
Suppose 3*j = -13 + 37. Let w be j + 1060 + 1 + 3. Suppose -10*t - 262 = -w. What is the tens digit of t?
8
Suppose 0 = -5*b + 5*c - 85, 3*b + 0*c - c = -55. What is the tens digit of (17 + b)*(246/(-4) + 2)?
1
Let l be -31*((-9)/45 + 304/(-5)). Let a = -1304 + l. What is the tens digit of a?
8
Suppose -48 + 4 = -11*u. What is the tens digit of 3/((-3)/u) + -50 + 518?
6
Suppose -284*f - 177359 = -297*f. What is the tens digit of f?
4
Suppose 5*t - 20 + 5 = 0. Suppose -4*x - 235 = 3*u - 2*u, 4*u - 181 = t*x. Let k = x - -160. What is the hundreds digit of k?
1
Suppose -2*k + 28 = 3*g, k + 35 = 2*g + 7. Let d(b) = 6*b**2 + 18*b + 41. What is the thousands digit of d(g)?
1
Let m = -8532 + 11664. What is the hundreds digit of m?
1
Let d be -20 + 413 - (0 + -5). Let v = 748 - d. What is the hundreds digit of v?
3
Suppose -16 = 4*u, 19*i - 20*i + 7812 = -u. What is the tens digit of i?
0
Suppose 4*n + 0*n - 2620 = 0. Suppose -n = -5*f - 5*k + 2*k, -149 = -f + 3*k. Suppose f = z - 2*o, -3*z = -o - 238 - 154. What is the hundreds digit of z?
1
Let h = 236 - 130. Let b(c) = 2 + 3 - h*c - 8. What is the tens digit of b(-1)?
0
Let q(b) = 123*b**2 + 127*b - 1639. What is the tens digit of q(21)?
7
Let u = -104 + 35. What is the tens digit of (-20430)/u - 2/23?
9
Let y(i) = 12030*i**2 + 3*i - 3. What is the units digit of y(1)?
0
Let n(l) = l**2 - 3*l + 28. Let q(u) = u - 15. Let r(h) = 3*n(h) + 5*q(h). Suppose -18 = 5*s + 2. What is the units digit of r(s)?
3
Let y be (-13)/(6 + 117/(-18)). Suppose 0 = -12*a + y*a - 3038. What is the tens digit of a?
1
Suppose 4*i = -m + 164, 0*i - 3*m - 68 = -2*i. What is the hundreds digit of i/180 - 12400/(-9)?
3
Let x = 1539 - 897. Let u = x + -414. What is the units digit of u?
8
Suppose 207807 = -16*j + 378436 + 226219. What is the units digit of j?
3
Let x = -386 + 298. What is the tens digit of (-4)/(-22) + (-128376)/x?
5
Let b be 3*(-3)/((-54)/78). Suppose -39 - 1586 = -b*i. What is the hundreds digit of i?
1
Let y(d) = 2*d**3 + 89*d**2 - 75*d - 380. What is the ten thousands digit of y(-38)?
2
Suppose -5*r - 35 = 5*f, 8*f + 2*r = 4*f - 26. Let l be 1*(-1516)/f + (-3)/(-9). Suppose -g - b + 116 = -6*b, 3*g - l = -4*b. What is the units digit of g?
1
Suppose -124080 + 1300258 = 65*h - 126682. What is the tens digit of h?
4
Let m = 646 + -655. Let u(f) = 9*f**2 - 28*f + 7. What is the tens digit of u(m)?
8
Suppose -3*h = -8 - 1. Suppose 0 = 5*k - 2*k + 2*n 